{"id":1220,"date":"2024-04-22T13:49:56","date_gmt":"2024-04-22T12:49:56","guid":{"rendered":"https:\/\/aurelux.lu\/?page_id=1220"},"modified":"2025-08-05T09:23:19","modified_gmt":"2025-08-05T08:23:19","slug":"lapetitepoesiedaurelie","status":"publish","type":"page","link":"https:\/\/aurelux.lu\/index.php\/lapetitepoesiedaurelie\/","title":{"rendered":"La petite po\u00e9sie d&#8217;Aur\u00e9lie"},"content":{"rendered":"\t\t<div data-elementor-type=\"wp-page\" data-elementor-id=\"1220\" class=\"elementor elementor-1220\">\n\t\t\t\t\r\n\t\t<section class=\"elementor-section elementor-top-section elementor-element elementor-element-62e16b11 elementor-section-boxed elementor-section-height-default elementor-section-height-default false\" data-id=\"62e16b11\" data-element_type=\"section\" data-settings=\"{&quot;background_background&quot;:&quot;classic&quot;}\">\n\t\t\t\t\t\t<div class=\"elementor-container elementor-column-gap-default\">\n\t\t\t\t\t<div class=\"elementor-column elementor-col-33 elementor-top-column elementor-element elementor-element-1597d34\" data-id=\"1597d34\" data-element_type=\"column\">\n\t\t\t<div class=\"elementor-widget-wrap\">\n\t\t\t\t\t\t\t<\/div>\n\t\t<\/div>\n\t\t\t\t<div class=\"elementor-column elementor-col-33 elementor-top-column elementor-element elementor-element-12f00584\" data-id=\"12f00584\" data-element_type=\"column\">\n\t\t\t<div class=\"elementor-widget-wrap elementor-element-populated\">\n\t\t\t\t\t\t<div class=\"elementor-element elementor-element-6bc0527c false elementor-widget elementor-widget-heading\" data-id=\"6bc0527c\" data-element_type=\"widget\" data-widget_type=\"heading.default\">\n\t\t\t\t<div class=\"elementor-widget-container\">\n\t\t\t\t\t<h3 class=\"elementor-heading-title elementor-size-default\">La petite po\u00e9sie d'Aur\u00e9lie<\/h3>\t\t\t\t<\/div>\n\t\t\t\t<\/div>\n\t\t\t\t<div class=\"elementor-element elementor-element-3269874 none none false false none-data-animation false elementor-widget elementor-widget-image\" data-id=\"3269874\" data-element_type=\"widget\" data-widget_type=\"image.default\">\n\t\t\t\t<div class=\"elementor-widget-container\">\n\t\t\t\t\t\t\t\t\t\t\t\t\t\t\t<img fetchpriority=\"high\" decoding=\"async\" width=\"640\" height=\"975\" src=\"https:\/\/aurelux.lu\/wp-content\/uploads\/2025\/05\/072C143B-130E-44FB-AE30-D6BAB898BC83-672x1024.png\" class=\"attachment-large size-large wp-image-1254\" alt=\"\" srcset=\"https:\/\/aurelux.lu\/wp-content\/uploads\/2025\/05\/072C143B-130E-44FB-AE30-D6BAB898BC83-672x1024.png 672w, https:\/\/aurelux.lu\/wp-content\/uploads\/2025\/05\/072C143B-130E-44FB-AE30-D6BAB898BC83-600x914.png 600w, https:\/\/aurelux.lu\/wp-content\/uploads\/2025\/05\/072C143B-130E-44FB-AE30-D6BAB898BC83-197x300.png 197w, https:\/\/aurelux.lu\/wp-content\/uploads\/2025\/05\/072C143B-130E-44FB-AE30-D6BAB898BC83-768x1170.png 768w, https:\/\/aurelux.lu\/wp-content\/uploads\/2025\/05\/072C143B-130E-44FB-AE30-D6BAB898BC83-1009x1536.png 1009w, https:\/\/aurelux.lu\/wp-content\/uploads\/2025\/05\/072C143B-130E-44FB-AE30-D6BAB898BC83-8x12.png 8w, https:\/\/aurelux.lu\/wp-content\/uploads\/2025\/05\/072C143B-130E-44FB-AE30-D6BAB898BC83.png 1138w\" sizes=\"(max-width: 640px) 100vw, 640px\" \/>\t\t\t\t\t\t\t\t\t\t\t\t\t\t\t<\/div>\n\t\t\t\t<\/div>\n\t\t\t\t\t<\/div>\n\t\t<\/div>\n\t\t\t\t<div class=\"elementor-column elementor-col-33 elementor-top-column elementor-element elementor-element-363e8c04\" data-id=\"363e8c04\" data-element_type=\"column\">\n\t\t\t<div class=\"elementor-widget-wrap\">\n\t\t\t\t\t\t\t<\/div>\n\t\t<\/div>\n\t\t\t\t\t<\/div>\n\t\t<\/section>\n\t\t\t\t<section class=\"elementor-section elementor-top-section elementor-element elementor-element-1111e009 elementor-section-boxed elementor-section-height-default elementor-section-height-default false\" data-id=\"1111e009\" data-element_type=\"section\" data-settings=\"{&quot;background_background&quot;:&quot;classic&quot;}\">\n\t\t\t\t\t\t<div class=\"elementor-container elementor-column-gap-default\">\n\t\t\t\t\t<div class=\"elementor-column elementor-col-100 elementor-top-column elementor-element elementor-element-10d3d420\" data-id=\"10d3d420\" data-element_type=\"column\">\n\t\t\t<div class=\"elementor-widget-wrap elementor-element-populated\">\n\t\t\t\t\t\t<div class=\"elementor-element elementor-element-f532671 false elementor-widget elementor-widget-heading\" data-id=\"f532671\" data-element_type=\"widget\" data-widget_type=\"heading.default\">\n\t\t\t\t<div class=\"elementor-widget-container\">\n\t\t\t\t\t<h5 class=\"elementor-heading-title elementor-size-default\">Au fil de ces po\u00e8mes, l\u2019\u00e2me voyage entre lumi\u00e8re et obscurit\u00e9, nostalgie et renaissance.\nChaque texte, intime et vibrant, ouvre une fen\u00eatre sur les \u00e9motions humaines : l\u2019amour, le deuil, l\u2019espoir, la foi, mais aussi la qu\u00eate de soi.\nInspir\u00e9e par ses propres exp\u00e9riences, l\u2019Histoire et la spiritualit\u00e9, Aur\u00e9lie Wagener tisse une mosa\u00efque de mots sinc\u00e8res, port\u00e9s par une profonde douceur int\u00e9rieure.\nUne invitation \u00e0 ressentir, \u00e0 se souvenir, et \u00e0 oser croire encore en la beaut\u00e9 du monde.<\/h5>\t\t\t\t<\/div>\n\t\t\t\t<\/div>\n\t\t\t\t<div class=\"elementor-element elementor-element-15509495 elementor-align-center elementor-widget elementor-widget-button\" data-id=\"15509495\" data-element_type=\"widget\" data-widget_type=\"button.default\">\n\t\t\t\t<div class=\"elementor-widget-container\">\n\t\t\t\t\t\t\t\t\t<div class=\"elementor-button-wrapper\">\n\t\t\t\t\t<a class=\"elementor-button elementor-button-link elementor-size-sm\" href=\"https:\/\/buy.stripe.com\/bIY16r4pB9pZ0ZGdQS\">\n\t\t\t\t\t\t<span class=\"elementor-button-content-wrapper\">\n\t\t\t\t\t\t\t\t\t<span class=\"elementor-button-text\">Acheter pour 19\u20ac<\/span>\n\t\t\t\t\t<\/span>\n\t\t\t\t\t<\/a>\n\t\t\t\t<\/div>\n\t\t\t\t\t\t\t\t<\/div>\n\t\t\t\t<\/div>\n\t\t\t\t<div class=\"elementor-element elementor-element-35bcc177 false elementor-widget elementor-widget-heading\" data-id=\"35bcc177\" data-element_type=\"widget\" data-widget_type=\"heading.default\">\n\t\t\t\t<div class=\"elementor-widget-container\">\n\t\t\t\t\t<div class=\"elementor-heading-title elementor-size-default\">.<\/div>\t\t\t\t<\/div>\n\t\t\t\t<\/div>\n\t\t\t\t\t<\/div>\n\t\t<\/div>\n\t\t\t\t\t<\/div>\n\t\t<\/section>\n\t\t\t\t<\/div>\n\t\t","protected":false},"excerpt":{"rendered":"<p>La petite po\u00e9sie d&#8217;Aur\u00e9lie Au fil de ces po\u00e8mes, l\u2019\u00e2me voyage entre lumi\u00e8re et obscurit\u00e9, nostalgie et renaissance. Chaque texte, intime et vibrant, ouvre une fen\u00eatre sur les \u00e9motions humaines : l\u2019amour, le deuil, l\u2019espoir, la foi, mais aussi la qu\u00eate de soi. Inspir\u00e9e par ses propres exp\u00e9riences, l\u2019Histoire et la spiritualit\u00e9, Aur\u00e9lie Wagener tisse [&hellip;]<\/p>\n","protected":false},"author":1,"featured_media":0,"parent":0,"menu_order":0,"comment_status":"closed","ping_status":"closed","template":"","meta":{"content-type":"","footnotes":""},"class_list":["post-1220","page","type-page","status-publish","hentry"],"yoast_head":"<!-- This site is optimized with the Yoast SEO plugin v26.5 - https:\/\/yoast.com\/wordpress\/plugins\/seo\/ -->\n<title>La petite po\u00e9sie d&#039;Aur\u00e9lie - Aurelux : Language Courses<\/title>\n<meta name=\"robots\" content=\"index, follow, max-snippet:-1, max-image-preview:large, max-video-preview:-1\" \/>\n<link rel=\"canonical\" href=\"https:\/\/aurelux.lu\/index.php\/lapetitepoesiedaurelie\/?lang=en\" \/>\n<meta property=\"og:locale\" content=\"fr_FR\" \/>\n<meta property=\"og:type\" content=\"article\" \/>\n<meta property=\"og:title\" content=\"La petite po\u00e9sie d&#039;Aur\u00e9lie - Aurelux : Language Courses\" \/>\n<meta property=\"og:description\" content=\"La petite po\u00e9sie d&#8217;Aur\u00e9lie Au fil de ces po\u00e8mes, l\u2019\u00e2me voyage entre lumi\u00e8re et obscurit\u00e9, nostalgie et renaissance. Chaque texte, intime et vibrant, ouvre une fen\u00eatre sur les \u00e9motions humaines : l\u2019amour, le deuil, l\u2019espoir, la foi, mais aussi la qu\u00eate de soi. Inspir\u00e9e par ses propres exp\u00e9riences, l\u2019Histoire et la spiritualit\u00e9, Aur\u00e9lie Wagener tisse [&hellip;]\" \/>\n<meta property=\"og:url\" content=\"https:\/\/aurelux.lu\/index.php\/lapetitepoesiedaurelie\/?lang=en\" \/>\n<meta property=\"og:site_name\" content=\"Aurelux : Language Courses\" \/>\n<meta property=\"article:publisher\" content=\"https:\/\/www.facebook.com\/aurelux\" \/>\n<meta property=\"article:modified_time\" content=\"2025-08-05T08:23:19+00:00\" \/>\n<meta property=\"og:image\" content=\"https:\/\/aurelux.lu\/wp-content\/uploads\/2025\/05\/072C143B-130E-44FB-AE30-D6BAB898BC83-672x1024.png\" \/>\n<meta name=\"twitter:card\" content=\"summary_large_image\" \/>\n<script type=\"application\/ld+json\" class=\"yoast-schema-graph\">{\"@context\":\"https:\/\/schema.org\",\"@graph\":[{\"@type\":\"WebPage\",\"@id\":\"https:\/\/aurelux.lu\/index.php\/lapetitepoesiedaurelie\/?lang=en\",\"url\":\"https:\/\/aurelux.lu\/index.php\/lapetitepoesiedaurelie\/?lang=en\",\"name\":\"La petite po\u00e9sie d'Aur\u00e9lie - Aurelux : Language Courses\",\"isPartOf\":{\"@id\":\"https:\/\/aurelux.lu\/#website\"},\"primaryImageOfPage\":{\"@id\":\"https:\/\/aurelux.lu\/index.php\/lapetitepoesiedaurelie\/?lang=en#primaryimage\"},\"image\":{\"@id\":\"https:\/\/aurelux.lu\/index.php\/lapetitepoesiedaurelie\/?lang=en#primaryimage\"},\"thumbnailUrl\":\"https:\/\/aurelux.lu\/wp-content\/uploads\/2025\/05\/072C143B-130E-44FB-AE30-D6BAB898BC83-672x1024.png\",\"datePublished\":\"2024-04-22T12:49:56+00:00\",\"dateModified\":\"2025-08-05T08:23:19+00:00\",\"breadcrumb\":{\"@id\":\"https:\/\/aurelux.lu\/index.php\/lapetitepoesiedaurelie\/?lang=en#breadcrumb\"},\"inLanguage\":\"fr-FR\",\"potentialAction\":[{\"@type\":\"ReadAction\",\"target\":[\"https:\/\/aurelux.lu\/index.php\/lapetitepoesiedaurelie\/?lang=en\"]}]},{\"@type\":\"ImageObject\",\"inLanguage\":\"fr-FR\",\"@id\":\"https:\/\/aurelux.lu\/index.php\/lapetitepoesiedaurelie\/?lang=en#primaryimage\",\"url\":\"https:\/\/aurelux.lu\/wp-content\/uploads\/2025\/05\/072C143B-130E-44FB-AE30-D6BAB898BC83.png\",\"contentUrl\":\"https:\/\/aurelux.lu\/wp-content\/uploads\/2025\/05\/072C143B-130E-44FB-AE30-D6BAB898BC83.png\",\"width\":1138,\"height\":1733},{\"@type\":\"BreadcrumbList\",\"@id\":\"https:\/\/aurelux.lu\/index.php\/lapetitepoesiedaurelie\/?lang=en#breadcrumb\",\"itemListElement\":[{\"@type\":\"ListItem\",\"position\":1,\"name\":\"Home\",\"item\":\"https:\/\/aurelux.lu\/\"},{\"@type\":\"ListItem\",\"position\":2,\"name\":\"La petite po\u00e9sie d&#8217;Aur\u00e9lie\"}]},{\"@type\":\"WebSite\",\"@id\":\"https:\/\/aurelux.lu\/#website\",\"url\":\"https:\/\/aurelux.lu\/\",\"name\":\"Aurelux\",\"description\":\"Application pour apprendre le luxembourgeois\",\"publisher\":{\"@id\":\"https:\/\/aurelux.lu\/#organization\"},\"potentialAction\":[{\"@type\":\"SearchAction\",\"target\":{\"@type\":\"EntryPoint\",\"urlTemplate\":\"https:\/\/aurelux.lu\/?s={search_term_string}\"},\"query-input\":{\"@type\":\"PropertyValueSpecification\",\"valueRequired\":true,\"valueName\":\"search_term_string\"}}],\"inLanguage\":\"fr-FR\"},{\"@type\":\"Organization\",\"@id\":\"https:\/\/aurelux.lu\/#organization\",\"name\":\"Aurelux\",\"url\":\"https:\/\/aurelux.lu\/\",\"logo\":{\"@type\":\"ImageObject\",\"inLanguage\":\"fr-FR\",\"@id\":\"https:\/\/aurelux.lu\/#\/schema\/logo\/image\/\",\"url\":\"https:\/\/aurelux.lu\/wp-content\/uploads\/2025\/08\/cropped-Mask-1.png\",\"contentUrl\":\"https:\/\/aurelux.lu\/wp-content\/uploads\/2025\/08\/cropped-Mask-1.png\",\"width\":512,\"height\":512,\"caption\":\"Aurelux\"},\"image\":{\"@id\":\"https:\/\/aurelux.lu\/#\/schema\/logo\/image\/\"},\"sameAs\":[\"https:\/\/www.facebook.com\/aurelux\",\"https:\/\/www.instagram.com\/aurelux_sarl\/\"]}]}<\/script>\n<!-- \/ Yoast SEO plugin. -->","yoast_head_json":{"title":"La petite po\u00e9sie d'Aur\u00e9lie - Aurelux : Language Courses","robots":{"index":"index","follow":"follow","max-snippet":"max-snippet:-1","max-image-preview":"max-image-preview:large","max-video-preview":"max-video-preview:-1"},"canonical":"https:\/\/aurelux.lu\/index.php\/lapetitepoesiedaurelie\/?lang=en","og_locale":"fr_FR","og_type":"article","og_title":"La petite po\u00e9sie d'Aur\u00e9lie - Aurelux : Language Courses","og_description":"La petite po\u00e9sie d&#8217;Aur\u00e9lie Au fil de ces po\u00e8mes, l\u2019\u00e2me voyage entre lumi\u00e8re et obscurit\u00e9, nostalgie et renaissance. Chaque texte, intime et vibrant, ouvre une fen\u00eatre sur les \u00e9motions humaines : l\u2019amour, le deuil, l\u2019espoir, la foi, mais aussi la qu\u00eate de soi. Inspir\u00e9e par ses propres exp\u00e9riences, l\u2019Histoire et la spiritualit\u00e9, Aur\u00e9lie Wagener tisse [&hellip;]","og_url":"https:\/\/aurelux.lu\/index.php\/lapetitepoesiedaurelie\/?lang=en","og_site_name":"Aurelux : Language Courses","article_publisher":"https:\/\/www.facebook.com\/aurelux","article_modified_time":"2025-08-05T08:23:19+00:00","og_image":[{"url":"https:\/\/aurelux.lu\/wp-content\/uploads\/2025\/05\/072C143B-130E-44FB-AE30-D6BAB898BC83-672x1024.png","type":"","width":"","height":""}],"twitter_card":"summary_large_image","schema":{"@context":"https:\/\/schema.org","@graph":[{"@type":"WebPage","@id":"https:\/\/aurelux.lu\/index.php\/lapetitepoesiedaurelie\/?lang=en","url":"https:\/\/aurelux.lu\/index.php\/lapetitepoesiedaurelie\/?lang=en","name":"La petite po\u00e9sie d'Aur\u00e9lie - Aurelux : Language Courses","isPartOf":{"@id":"https:\/\/aurelux.lu\/#website"},"primaryImageOfPage":{"@id":"https:\/\/aurelux.lu\/index.php\/lapetitepoesiedaurelie\/?lang=en#primaryimage"},"image":{"@id":"https:\/\/aurelux.lu\/index.php\/lapetitepoesiedaurelie\/?lang=en#primaryimage"},"thumbnailUrl":"https:\/\/aurelux.lu\/wp-content\/uploads\/2025\/05\/072C143B-130E-44FB-AE30-D6BAB898BC83-672x1024.png","datePublished":"2024-04-22T12:49:56+00:00","dateModified":"2025-08-05T08:23:19+00:00","breadcrumb":{"@id":"https:\/\/aurelux.lu\/index.php\/lapetitepoesiedaurelie\/?lang=en#breadcrumb"},"inLanguage":"fr-FR","potentialAction":[{"@type":"ReadAction","target":["https:\/\/aurelux.lu\/index.php\/lapetitepoesiedaurelie\/?lang=en"]}]},{"@type":"ImageObject","inLanguage":"fr-FR","@id":"https:\/\/aurelux.lu\/index.php\/lapetitepoesiedaurelie\/?lang=en#primaryimage","url":"https:\/\/aurelux.lu\/wp-content\/uploads\/2025\/05\/072C143B-130E-44FB-AE30-D6BAB898BC83.png","contentUrl":"https:\/\/aurelux.lu\/wp-content\/uploads\/2025\/05\/072C143B-130E-44FB-AE30-D6BAB898BC83.png","width":1138,"height":1733},{"@type":"BreadcrumbList","@id":"https:\/\/aurelux.lu\/index.php\/lapetitepoesiedaurelie\/?lang=en#breadcrumb","itemListElement":[{"@type":"ListItem","position":1,"name":"Home","item":"https:\/\/aurelux.lu\/"},{"@type":"ListItem","position":2,"name":"La petite po\u00e9sie d&#8217;Aur\u00e9lie"}]},{"@type":"WebSite","@id":"https:\/\/aurelux.lu\/#website","url":"https:\/\/aurelux.lu\/","name":"Aurelux","description":"Application pour apprendre le luxembourgeois","publisher":{"@id":"https:\/\/aurelux.lu\/#organization"},"potentialAction":[{"@type":"SearchAction","target":{"@type":"EntryPoint","urlTemplate":"https:\/\/aurelux.lu\/?s={search_term_string}"},"query-input":{"@type":"PropertyValueSpecification","valueRequired":true,"valueName":"search_term_string"}}],"inLanguage":"fr-FR"},{"@type":"Organization","@id":"https:\/\/aurelux.lu\/#organization","name":"Aurelux","url":"https:\/\/aurelux.lu\/","logo":{"@type":"ImageObject","inLanguage":"fr-FR","@id":"https:\/\/aurelux.lu\/#\/schema\/logo\/image\/","url":"https:\/\/aurelux.lu\/wp-content\/uploads\/2025\/08\/cropped-Mask-1.png","contentUrl":"https:\/\/aurelux.lu\/wp-content\/uploads\/2025\/08\/cropped-Mask-1.png","width":512,"height":512,"caption":"Aurelux"},"image":{"@id":"https:\/\/aurelux.lu\/#\/schema\/logo\/image\/"},"sameAs":["https:\/\/www.facebook.com\/aurelux","https:\/\/www.instagram.com\/aurelux_sarl\/"]}]}},"_links":{"self":[{"href":"https:\/\/aurelux.lu\/index.php\/wp-json\/wp\/v2\/pages\/1220","targetHints":{"allow":["GET"]}}],"collection":[{"href":"https:\/\/aurelux.lu\/index.php\/wp-json\/wp\/v2\/pages"}],"about":[{"href":"https:\/\/aurelux.lu\/index.php\/wp-json\/wp\/v2\/types\/page"}],"author":[{"embeddable":true,"href":"https:\/\/aurelux.lu\/index.php\/wp-json\/wp\/v2\/users\/1"}],"replies":[{"embeddable":true,"href":"https:\/\/aurelux.lu\/index.php\/wp-json\/wp\/v2\/comments?post=1220"}],"version-history":[{"count":32,"href":"https:\/\/aurelux.lu\/index.php\/wp-json\/wp\/v2\/pages\/1220\/revisions"}],"predecessor-version":[{"id":3599,"href":"https:\/\/aurelux.lu\/index.php\/wp-json\/wp\/v2\/pages\/1220\/revisions\/3599"}],"wp:attachment":[{"href":"https:\/\/aurelux.lu\/index.php\/wp-json\/wp\/v2\/media?parent=1220"}],"curies":[{"name":"wp","href":"https:\/\/api.w.org\/{rel}","templated":true}]}}